09. Let y be f(-19). Let k = 1367 - y. What is the units digit of k?
9
Let m = 4073 - 347. What is the thousands digit of m?
3
Let n be ((-3)/(-1) - 998) + 2 - -3. Let g = n - -1534. What is the tens digit of g?
4
Let i(g) = 18*g + 3. Let u = 7 + 1. Let w be i(u). Suppose -5*x + 353 + w = 0. What is the units digit of x?
0
Suppose 79*s = 89235 + 212466. What is the units digit of s?
9
Let m(s) = s + 2682. What is the tens digit of m(49)?
3
Let l(c) = -25*c - 42. Let d be l(10). Let q = 532 + d. What is the units digit of q?
0
Let n(d) = d**3 + 21*d**2 + 29*d + 27. Let m be n(-19). What is the units digit of 8/(-8) + m + 2?
9
Let o(h) = h**3 - 8*h**2 + 15*h - 9. Let n be o(6). What is the tens digit of (1*361)/(((-72)/(-8))/n)?
6
Suppose r - 2761 = -3*u, -10*r = -7*r - 3. Suppose -3*y + 1532 = 5*a, 0*y - u = -3*a - 2*y. What is the units digit of a?
4
Suppose 31*c = -7*c + 152. Let y(n) = 470*n**2 - 1. Let i be y(-1). Suppose 2*j = 4*h - 680, c*h - 5*j - i = 205. What is the hundreds digit of h?
1
Let y be 3*(-2 + 5) - (-2)/(-1). What is the units digit of 7 + 26 + y - 5?
5
Let g(l) = -l**3 + 13*l**2 + 13*l + 18. Let z be g(14). Suppose z*m - 272 = 500. What is the units digit of m?
3
Let m be -2*(-114)/(-12)*-1. Let y = 152 - m. What is the hundreds digit of y?
1
Suppose 147493 = -21*k + 364262 + 490532. What is the tens digit of k?
8
Let f = -2891 + 56786. What is the tens digit of f?
9
Let w(p) = p**3 + 36*p**2 - 89*p + 72. Suppose -2*d - 2*o = 82, -6*o = -d - o - 23. What is the tens digit of w(d)?
6
Let n = 501 + 1299. Suppose -19*x = -17*x - n. What is the hundreds digit of x?
9
Let y = -100 + 104. What is the hundreds digit of (1116/(-54))/(y/(-42))?
2
Suppose 0 = -57*p + 48*p + 45. Suppose -2*x = -11*a + 9*a + 904, 0 = 2*a + p*x - 911. What is the units digit of a?
3
Let b be (1/2)/(1/(-20)) - 1. Let l(c) = c**2 + 6*c + 7. What is the units digit of l(b)?
2
Suppose 5*x - 3*r = 2*x + 15, -2*r = 4*x - 44. Let f = -1 + x. What is the units digit of f?
8
What is the units digit of (-367 + 361)/((-4)/40086)?
9
Let i be 1/(31902/(-5316) + 6). Let v = -303 - i. What is the tens digit of v?
8
Suppose -40*p + 3*p + 185 = 0. Suppose 4*o - p*c = 3611, -4*o + 3*o + 887 = 4*c. What is the units digit of o?
9
Suppose 34 = 5*h - 2*c, 0 = -2*h + 2*c - 1 + 11. Let j(r) = 4*r**2 - 17*r + 3. What is the hundreds digit of j(h)?
1
Suppose -r - 1158 = u + 2*u, -u + 4684 = -4*r. Let x = 1702 + r. What is the hundreds digit of x?
5
Let q(f) = 3*f**2 - 54*f + 53. Let k be q(17). Suppose 4*d - 1072 = k*d. What is the units digit of d?
6
Let o(r) = -14*r + 87. Let q(k) = -k**3 - 25*k**2 + 2*k + 45. Let i be q(-25). What is the units digit of o(i)?
7
What is the units digit of 4/(-14) - (-5684800)/595?
4
Let d(n) = -n**3 + 5*n**2 + 8*n - 7. Let w be d(6). Suppose w*j - 3*t = 2848, -5*j + 2095 + 769 = t. What is the tens digit of 4/(-8) + 0 - j/(-8)?
7
Let i be (-7)/28 - (-2187)/12. Suppose -560 = 7*g - i. Let t = g + 109. What is the tens digit of t?
5
Let o = 231 + -238. Let h(z) = z**3 + 7*z**2 - 24*z - 11. What is the units digit of h(o)?
7
Let h(k) be the second derivative of -9*k**3 - 97*k**2/2 + k + 3. What is the tens digit of h(-14)?
5
Let z(s) = 2*s**2 + 3*s - 7. Let o be z(-7). Let y(i) = i + 17. Let j be y(-16). Let q = j + o. What is the tens digit of q?
7
Suppose 7*a = 4*a + 2*q + 51362, 51347 = 3*a - 5*q. What is the ten thousands digit of a?
1
Let g(d) = -254*d**3 - 2*d**2 - 3*d - 2. Let p = 37 + -38. Let u be g(p). Suppose 6*t - 7*t + u = 0. What is the hundreds digit of t?
2
Let x = 35559 - 18593. What is the thousands digit of x?
6
Let k be (-3243)/(-18) + 3/(-36)*2. Suppose -39 = -5*s + z + 153, 5*s + 5*z = k. Suppose -3*i + 181 + s = 0. What is the units digit of i?
3
Let l be 60/28 - 2 - (-8024)/(-14). Let p = -245 - l. What is the tens digit of p?
2
Let w = 57815 + -34247. What is the tens digit of w?
6
Let h(a) = 3*a - 4. Let w(k) = 7*k - 8. Let g(r) = 11*h(r) - 6*w(r). Let x be g(0). What is the tens digit of 189 - (0 + x + 1)?
8
What is the tens digit of 5182/(-5 + (-108)/80*-4)?
5
Suppose -26*m - 20*m + 251482 = 0. What is the units digit of m?
7
Let f = -64 + 81. Suppose 16*b - 69 = f*b. Let r = 74 + b. What is the units digit of r?
5
Let m(f) = 2*f**2 + 46*f + 4242. What is the tens digit of m(-86)?
7
Suppose 0 = 5*q - r - 22620, 2*q = -q + 3*r + 13560. What is the tens digit of q?
2
Let i(v) = 3*v**2 - 29*v - 13. Let c be i(10). What is the units digit of 270 + 20 + (-3)/(c/2)?
2
Let f(k) = k**2 + 7*k - 2. Let v be f(-5). Let i be (3 + v/9)*9. Suppose 3*b = -i, 80 = 4*c - b - 61. What is the units digit of c?
4
Let f(k) = -k**3 - 4*k**2 + 2*k - 10. Let j be f(-3). Let u(h) = -45*h - 79. What is the hundreds digit of u(j)?
0
Let d(c) be the third derivative of 77*c**4/24 - 43*c**3/6 + 7*c**2 + 2*c. What is the tens digit of d(5)?
4
Let n(z) = -6280*z - 267. What is the hundreds digit of n(-1)?
0
Let i be (-3)/(-27) - 107/(-9). Let l = -7 + i. Suppose -4*z - 4 + 0 = 0, 5*o - 270 = -l*z. What is the tens digit of o?
5
Let m(r) = -3*r**2 - 91*r - 26. Let f be m(-30). Suppose f*z - 1896 - 240 = 0. What is the tens digit of z?
3
Let q(y) = -12*y**3 - 3*y**2 - 12*y + 290. What is the hundreds digit of q(-6)?
8
What is the hundreds digit of 24/(-60) + -24*7/(560/(-948))?
2
Let p = -12 + 8. Let o(x) = -21*x + 3. Let r be o(p). Suppose c + r = -0*s + s, 189 = 2*s + c. What is the tens digit of s?
9
Let v(d) = 2*d + 81. Let x be (1 + (-2)/4)*10/1. Suppose 3*r = -2*b + 5*r + 10, -3*b = x*r + 25. What is the units digit of v(b)?
1
Let k = 21192 - 7932. What is the hundreds digit of k?
2
Let v(m) = 4*m**2 + 4*m - 1086. Let l be v(0). Let y = -490 - l. What is the units digit of y?
6
Let i(c) = 9*c + 66. Let g be i(13). What is the units digit of g - (6/9)/((-2)/15)?
8
Suppose -10 = -c + 3*u, 0*c + 2*u = -2*c + 20. Suppose r = -r + c. Suppose 0 = -r*o + o + 312. What is the tens digit of o?
7
Suppose 2*z - 26 = -4*p, -4*z = 2*p + 7 - 35. Suppose 1524 = 2*x + p*g, -5*g + g - 2988 = -4*x. What is the tens digit of x?
5
Let o(t) = t**2 + 3*t + 7. Let f be (-15)/(-12)*4*-7. Let b = f - -28. What is the tens digit of o(b)?
3
Suppose 0 = 12*n - 20238 - 8910. What is the thousands digit of n?
2
Suppose -80*b = 145*b - 2605050. What is the tens digit of b?
7
Let f = -37704 - -63521. What is the hundreds digit of f?
8
Let w(q) = q**3 + 17*q**2 - 8*q - 1. Let i be w(-17). Suppose i = -4*x + v + 677, -5*x + v = -677. What is the tens digit of x?
3
Suppose 20*u + 8500 = -3500. Let i = u + 1027. What is the units digit of i?
7
Suppose 0 = -s - 2*i + 36, 3*s - 4*i - 122 = 36. Let t = 48 - s. Suppose 0 = -2*u - t*u + 260. What is the units digit of u?
5
Suppose -14*d + 10*d - 556 = 0. Let p = d + 535. What is the units digit of p?
6
Let k(b) = 163*b + 13. Let i be k(4). Suppose -2*n - 59 + i = 0. What is the units digit of n?
3
Let b(o) = o**3 - 2*o - 1 - 7*o**2 + 3 + 11*o - 15. Let z be b(6). Suppose -780 = z*j - 9*j. What is the hundreds digit of j?
1
What is the thousands digit of (-1 + 2)*126/630*12295?
2
Let y(r) = -r**2 - 6*r + 94. Let z be y(7). Suppose -3*n - z*p = -336, -3*n = 2*p - 6*p - 336. What is the tens digit of n?
1
Let a be 30/1*136/(-170). Let m(o) = 2*o**2 + 30*o - 55. What is the hundreds digit of m(a)?
3
Let m(k) = -537*k**3 + 17*k**2 - 5*k - 31. What is the hundreds digit of m(-3)?
6
Let n be (-76 - -77)*(1 + -1). What is the units digit of (1 - n)/(-1) + 298?
7
Let s(b) = 23*b**2 - 6*b + 4. Let n be s(-3). Suppose 5*r - 4*r - n = -4*c, 5*r - 1127 = -2*c. What is the hundreds digit of r?
2
Suppose -4*t = -c - 473, 2*t + 120 = 3*t - 2*c. Let u = t + -67. Suppose 2*f - 102 = -2*m, 2*m - u = -f - 0*m. What is the tens digit of f?
5
Let a(d) = 14*d - 66. Let b be a(21). Let x = b + -170. What is the units digit of x?
8
Let a = -17 - -24. What is the tens digit of (-20 + -1)/a + 460?
5
Suppose 22 = 5*u + 3*z, -3*u - 3*z + 14 = -2*z. Suppose u*t + 5*v = -99 + 1169, -3*t - 5*v = -652. What is the units digit of t?
9
Let d be (-5)/(-1) + (4 + -7)/1. Suppose -4*v = b + 4, b - 12 = d*v + 2*v. Let k(i) = 16*i**2 + i. What is the tens digit of k(v)?
6
Let i(c) = -29*c - 108. Let b be i(-15). What is the units digit of (b + 0)/(33/(-6) - -6)?
4
Let y